
11
Suppose 3*z + 9 = -3*r, 6*r - 5*z = 3*r - 25. Let f(u) = -2*u**2 + 7*u + 3. Let b(t) = 3*t**2 - 8*t - 4. Let s(m) = r*f(m) - 4*b(m). Calculate s(2).
-13
Let g = -230 + 232. Let z(h) = h**g + 16*h + h**2 - 10*h - 7*h. What is z(2)?
6
Let g(o) = -o**3 - 6*o**2 - 12*o - 11. Suppose 61*w + 449 = 11*w + 149. Give g(w).
61
Let k(d) = d**3 + 6*d**2 + 3*d - 14. Let h be k(-3). Suppose 6*l - 24 = 3*t + l, -38 = 2*t + h*l. Let v(p) = p**3 + 14*p**2 + 13*p - 8. Calculate v(t).
-8
Let u be ((-4)/2)/(-2) + 0. Let r = 416 - 285. Let q(n) = -4*n**2 + r*n - 67*n - 65*n + 1. Calculate q(u).
-4
Let p(s) be the second derivative of -s**5/20 + s**4/12 + s**3/6 - 2*s**2 - 2*s. Let h(r) = -r**3 - 33*r**2 - 120*r - 116. Let w be h(-29). What is p(w)?
-4
Suppose 0 = 15*n - 16*n + 170. Let a(l) = 8 + n*l**2 + 1 + 4*l - 172*l**2 - 4. Determine a(6).
-43
Let d be 5/(100/(-24))*(165/6)/11. Let m(q) = q**2 + 4. Determine m(d).
13
Let g(w) be the first derivative of 0*w**2 - 1/3*w**3 - 1 + 19*w. Let l(k) = -k**3 - 38*k**2 - 37*k. Let o be l(-37). Give g(o).
19
Let g be 5 - 2 - 12/4. Let c be 11/6 + 6/36. Let k(p) = g*p + 2*p + 0*p + 2*p + 1 - p**c. What is k(4)?
1
Let y(q) = -3*q - 12. Let v be y(-5). Let m be -2 - (-1 - (v + -2)) - -2. Let s(z) = z**3 - 5*z**m - 8*z**3 - 2 - 6*z + 6*z**3. Give s(-4).
6
Suppose -f = -11 + 12, -2*f - 8 = -2*d. Let i(j) = 2*j + 5. What is i(d)?
11
Let h be -1 + ((-216)/(-14) - (-3)/(-7)). Suppose -24 = -10*l + h*l. Let n(f) be the first derivative of 2*f**3/3 + 4*f**2 - 5*f - 1. Give n(l).
19
Let o = 11 + -7. Let a(s) = -s + 0 + 1 - o*s. Suppose 364*n - 20 = -332 - 52. Give a(n).
6
Let n = -5 - -7. Let y(l) be the second derivative of -l**4/12 + l**3/2 - 3*l**2/2 - l + 43880. Determine y(n).
-1
Suppose -3*g + 2*a + 30 = -a, 0 = -3*a - 9. Let x(z) = -z - 288 + 575 + 0*z - 283. What is x(g)?
-3
Suppose -o - 19 = -3*o - 3*g, -g = 3*o - 18. Let v be (-4)/(12/(-15)) - 3. Let f(r) = 2*r**v + 3*r**3 + o*r - 4 + 0*r**2 - 6*r**2 - 2*r**3. Determine f(3).
2
Let c be (-2)/8*0 + (-1 - -3). Suppose -c*h = -5*f + 14, -6*h + 2*h = -4*f + 16. Suppose -2*p = 4 + f. Let d(l) = -3*l - 2. What is d(p)?
7
Let i(p) = -16*p**2 - 5*p. Suppose -106 = 291*k + 173 + 12. Give i(k).
-11
Suppose 3*k + 12 - 27 = 0. Let g = -4 - k. Let c(w) = 14*w - 27*w - 6 + 2 - 1 - 3 + 12*w. Calculate c(g).
1
Let v(s) be the first derivative of -1/4*s**4 + 10/3*s**3 + 241 + 6*s**2 - 11*s. Determine v(11).
0
Let i(q) be the second derivative of 49*q**3/3 - 50*q**2 - 5050*q. Give i(1).
-2
Let z(u) = u**3 + 18*u**2 - 62*u + 36. Let v = -12090 + 12069. Calculate z(v).
15
Let p(a) = -2*a**3 - 6*a**2 + 9*a - 6. Let i(o) = -2*o**3 - 33*o**2 + 56*o + 32. Let f be i(-18). What is p(f)?
-10
Let b(g) = -2 + 7*g + 0 + 0 + 4. Let q(c) = -c. Let o(r) = b(r) + 6*q(r). Calculate o(-4).
-2
Let f = -37085 - -37091. Let z(d) be the third derivative of -2*d**2 + d**3 + 0*d + 0 - 1/24*d**4. What is z(f)?
0
Let j(u) = 2*u**3 - 6*u**2 - u + 1. Let i(t) = 5*t**3 - 25*t**2 - 12*t - 8. Let o(f) = i(f) - 3*j(f). Give o(-5).
-16
Let b(z) = -211*z - 205*z + 631*z - 204*z. Give b(-8).
-88
Let m(j) = -1 - 3*j**2 + 0 + 12956*j - 12955*j + 4*j**2. Determine m(0).
-1
Let h be -3 - 2 - (-6 + (-3)/3). Suppose h*w - 233 = -245. Let v(o) = -o - 4. What is v(w)?
2
Suppose -129 - 271 = -50*a. Let i(f) = f**2 - 5*f + 12. Calculate i(a).
36
Let s(k) = 7*k + 7. Let p(w) = -17*w + 525. Let f be p(31). Give s(f).
-7
Let z(b) = 4*b**3 - b - 1. Let q(r) = 37*r + 382. Let i be q(-10). Let a(g) = 1 - g**2 - 5 + 3 + 12*g. Let w be a(i). Give z(w).
-4
Let g(c) be the second derivative of 1/2*c**2 + 2*c - 2 + 5/2*c**3. Let l(n) = n**3 + 5*n**2 - 5*n + 7. Let s be l(-6). Give g(s).
16
Let t(v) = -60*v + 21. Let k(r) = -13*r + 4. Let q(m) = 14*k(m) - 3*t(m). Determine q(0).
-7
Let v(b) = 3*b**2 + 577*b - 1741. Let p be v(3). Let j(w) be the second derivative of 0 - p*w + 1/2*w**3 - 1/20*w**5 - 3/2*w**2 - 1/12*w**4. What is j(2)?
-9
Let a(k) = -2*k**2 - 14*k - 5. Suppose -530 = -5*p + 5*g, -5*g + 21 = 1. Let x = p - 117. What is a(x)?
-5
Suppose -3*t = -2*g + 2*t + 3, 3*g = -3*t - 27. Let l(q) = -q - 9. Let m(n) = 2*n + 18. Let b be 5/(-3) - -5*(-7)/105. Let a(p) = b*m(p) - 5*l(p). What is a(g)?
3
Let f be 1171/(-7) + 16/56. Let k = 159 + f. Let u(d) = -d**2 - 7*d + 8. Give u(k).
0
Let h(d) be the first derivative of 3*d**2/2 - 75*d - 1111. Calculate h(30).
15
Let r(b) = 14*b - 22. Suppose 3*u - 4447 = -4438. Determine r(u).
20
Let o(m) = -1. Let x(h) = 74 - 79 + 26*h - 27*h. Let d(a) = 5*o(a) + x(a). Give d(-8).
-2
Let a(s) be the second derivative of s**3 + 35*s + 2. Suppose 2 = f - 2*f, 4*i = 4*f + 80. Let g = -19 + i. Give a(g).
-6
Let p = 429 - 453. Let r be ((-2)/(-1))/(-13 + (-324)/p). Let y(v) = -v**2 + 5*v - 1. What is y(r)?
3
Let f(k) = 2*k**3 - 37*k**2 + 17*k + 13. Let q(z) = -z**2 - 108*z + 466. Let p be q(-112). Give f(p).
-5
Let i(z) be the second derivative of -z**3/6 - 4*z**2 - 3*z. Let r(x) = 2 - 1 - 9*x - 12*x**2 + 8*x**2 - 12*x. Let a be r(-5). What is i(a)?
-14
Let z(g) = 3*g + 2. Let n be (8/340)/((-43)/(-215)) + 348/(-68). Give z(n).
-13
Suppose -o = x + 2*o - 11, 0 = -x + o + 27. Let y(f) = 22*f + 23*f + x - 44*f. What is y(-10)?
13
Let s = 54 + -49. Let d(t) = -15*t + 11. Let x(z) = 17*z - 14. Let o(w) = s*x(w) + 6*d(w). Determine o(4).
-24
Suppose -4*v - 6 = m, -2*v = -4*m + 5 + 7. Let x = 0 - v. Suppose -x = -4*n - 6. Let y(s) = s**2 - 2*s - 1. Give y(n).
2
Let f(b) = 2*b**3 + 5*b**2 + 5. Let x be f(-3). Let y(r) be the first derivative of r**4/4 + 2*r**3/3 - 5*r**2/2 + r + 226. Give y(x).
-11
Let m(z) = -11 + 4 - 2 - 3*z + 0*z. Let v = 4788 + -4793. Give m(v).
6
Let g(l) = l**3 + 18*l**2 + 78*l - 16. Let m be g(-8). Let t(i) = -4*i**2 - i - 6. Give t(m).
-6
Suppose 5*i - 45 = 5*b - 0*i, -5*i = -5. Let v(n) = 4*n**2 + 48*n - 3*n**2 - 43*n - 7. Determine v(b).
17
Suppose 4*z = 5*z + 11. Let o(c) = -5*c**3 - 16*c**2 - 3*c - 1. Let m(v) = -9*v**3 - 31*v**2 - 4*v - 2. Let u(w) = z*o(w) + 6*m(w). Determine u(9).
-1
Let j(t) = -7 - 1 - 10*t + 2*t**2 - t**2. Let b = -33928 - -33939. Calculate j(b).
3
Let g(b) = 4*b + 4. Let o = 193 - 216. Let w(k) = k**2 + 24*k + 17. Let v be w(o). Give g(v).
-20
Let b(j) = -3139 + 6*j**2 + j**3 + 2*j - 2582 + 5718. Let g = 5 - 8. Give b(g).
18
Let n(v) = -v + 2. Let m be n(2). Let d(h) = 2*h + m - 4*h + 10. Let y = 7345 - 7337. What is d(y)?
-6
Suppose 17*c - 21*c - 28 = 4*b, 0 = b + 3. Let g(f) = f**2 - 6*f + 5. Calculate g(c).
45
Let d(t) = 22*t**3 + 20 - 77*t**3 + 26*t**3 - 14*t**2 + 17*t + 4*t**3 + 24*t**3. Give d(-15).
-10
Let y(u) = 2*u**3 + 2*u**2 - 2*u + 4. Suppose -25*g + 15*g = -110. Suppose g*r + 48 = -5*r. Calculate y(r).
-26
Let d(m) = m + 2. Let f(a) = -100*a - 417. Let q(w) = 34*w + 139. Let o(t) = -3*f(t) - 8*q(t). Let l be o(-5). Calculate d(l).
1
Let z be (3/4)/(8/32). Let h(s) = -2*s - 2. Let x(l) = l**3 - 2*l**2 + 5*l + 8. Let c(i) = 4*h(i) + x(i). Determine c(z).
0
Let j(f) = -27*f - 10. Let x(k) = 68*k + 29. Let h(p) = 5*j(p) + 2*x(p). Determine h(15).
23
Let x(g) = -g**3 + 22*g**2 - 24*g + 60. Let j(l) = 40*l - 4019. Let c be j(101). What is x(c)?
-3
Let x(m) = -m**3 + 9*m**2 + 2*m - 13. Let u be x(9). Suppose -g + u*t = 21, 0 = t - 4 - 0. Let l(o) = -3*o**2 + 3138 - 3138. Determine l(g).
-3
Let p(t) = t**2 + t - 1. Let s(w) = -w**2 - 7*w - 5. Let z(g) = 2*p(g) + s(g). Let a be (6 + -7)/(258/255 - 1). Let f = a + 92. What is z(f)?
7
Let z(g) = -g**3 - 5*g**2 + 5*g. Let y = 121 - 117. Suppose -2*a - 2*w = -0*w - 12, a + y*w - 9 = 0. Suppose 0 = -5*b + a, 5*b - 6*b = -j - 6. Determine z(j).
-25
Suppose 3*a + 4*a = 14. Let h(d) = -a*d**2 - 9*d + 3*d**2 + 0*d**2 + 3 + 0*d**2. Suppose -71*q + 66*q = -40. What is h(q)?
-5
Let a(x) = 18*x - 181. Let l(g) = -3*g**3 + 84*g**2 - 78*g - 70. Let f be l(27). Determine a(f).
17
Let i(c) be the second derivative of -c**5/10 - 13*c**4/12 - 5*c**3/6 + c**2 + 1024*c. Calculate i(-6).
-4
Suppose -q + 1 = 0, -4*o = 3*q + 2*q - 1. Let z be (o/2)/(8/80). Let c(r) = 1 - 7*r + 7*r**2 - 4*r**2 - 5*r**2. Determine c(z).
-14
Let h(z) = -7*z - 3. Suppose 186 = 271*y - 627. What is h(y)?
-24
Let k(r) = 5*r**2 + 12*r + 6. Let f be k(6). Suppose -2*h = 4 + 4, f = 5*u - 2*h. Let q = -53 + u. Let c(a) = -a**2 - 2*a + 4. What is c(q)?
1
Le